, 5*c + 135 = 5*x. Suppose 4*o = -3*z + 159 + x, 3*o + z - 137 = 0. Calculate the remainder when o is divided by 16.
12
Let b(r) = r - 4. Let y be b(2). Let o(d) = 3*d**2 - 2*d - 2. Let c be o(y). Let j = 25 - c. Calculate the remainder when 20 is divided by j.
9
Let c = -477 - -547. Calculate the remainder when c is divided by 18.
16
Let j be ((-9)/6)/((-1)/(-2)). Let l be 210 + j + (5 - 1). Suppose 3*v - 86 = -2*h - v, -l = -4*h + 5*v. Calculate the remainder when h is divided by 17.
15
Let c = 45 - 39. Calculate the remainder when (3 - c)/(4/4) + 70 is divided by 17.
16
Suppose -1159 - 7691 = -59*n. Calculate the remainder when 314 is divided by n.
14
What is the remainder when -12*(-8 - 54/24) is divided by 4?
3
Suppose -4*g + v = -803, -g + 818 = 3*g + 2*v. Suppose -4*c + 5*h + 73 = -3*c, -3*c - 2*h + g = 0. What is the remainder when c is divided by 12?
8
Suppose -2*r = u - 2*u - 21, -91 = 3*u + r. Let f = -12 - u. Let v = -540 - -549. Calculate the remainder when f is divided by v.
8
Suppose 4*f + 5*y - 62 = 0, 4*f + 5*y = 3*y + 68. Suppose -8 - 5 = -2*p + 3*z, 0 = -5*p - 3*z + 85. Let k = p - 9. What is the remainder when f is divided by k?
3
Suppose 0 = -25*k + 7*k + 54. What is the remainder when 141 is divided by (-24)/(1 + k/(-2))?
45
Let g = -3 + 10. Let x = g - 16. Let f = 13 + x. Calculate the remainder when 7 is divided by f.
3
Let s = -308 + 314. Calculate the remainder when 47 is divided by s.
5
Suppose 82 = 5*u - 6*r - 4, -4*r + 82 = 3*u. What is the remainder when 273 is divided by u?
9
Let q = 39 - -57. Let m = q - 80. Calculate the remainder when 62 is divided by m.
14
Suppose 17 = 2*s - k, 4*k + 1 = -2*s - k. Suppose -6*q = 2*q - 32. Suppose -2*t - 7 - 1 = -v, -8 = 2*v + q*t. Calculate the remainder when s is divided by v.
1
Suppose 3*i = -2*c + 41, -3*c + 4 - 3 = -i. Let k(p) = 2*p**2 - 13*p - 1. What is the remainder when k(8) is divided by i?
1
Let v = 376 - 298. What is the remainder when 311 is divided by v?
77
Suppose -3*l - 44 = 4*t, 4*l + 0*l - 4*t = -12. Let w = 6 + l. Calculate the remainder when (9/w)/(7/(-14)) is divided by 6.
3
Let o(f) = 122*f - 20. Let l be o(4). Let p = l + -318. Calculate the remainder when p is divided by 17.
14
Let t(o) = o**2 - 11*o + 4. Let h be t(11). Suppose 4*n - 12 = 0, -x + 9*n + 17 = h*n. What is the remainder when 191 is divided by x?
31
Let x(z) = 10*z + 8. Calculate the remainder when (-4)/(1*12/(-1002)) is divided by x(4).
46
Suppose 3*x = 5*s - 83 - 38, -2*s + 82 = -2*x. Let n = x + 77. Suppose 3*y - 53 = 4*u, -6*y + y - 4*u + n = 0. What is the remainder when 20 is divided by y?
9
Suppose s - 4*g = 15 + 9, -2*g = -6. Suppose -l = 5*h - 4*l - 58, -h + 5*l - 6 = 0. What is the remainder when s is divided by h?
8
Suppose 3*g = -3*g - 156. Let l = g - -29. Let b(o) = 9*o**2 - 4*o + 7. Calculate the remainder when b(l) is divided by 26.
24
Let q = -524 - -540. What is the remainder when (-5)/(10/(-96)) + -2 is divided by q?
14
Let g = -86 + 121. Calculate the remainder when 55 is divided by g.
20
Let s(l) = -l + 13. Let m be s(-6). Let z = 28 - m. What is the remainder when 16 is divided by z?
7
Suppose 3 = 2*z + 1. Let m = 6409 - 6397. What is the remainder when m is divided by 2/(z - -1) + 6?
5
Suppose -18 = -8*n - 2. Let w(v) = 30*v + 4. Calculate the remainder when w(n) is divided by 14.
8
Let x(u) = 5*u + 41. What is the remainder when x(22) is divided by 9?
7
Let a(x) = x**3 + x - 2. Let h be a(3). Let q = h - 24. Suppose -4*o + 56 = o + 3*t, 4*o + q*t - 48 = 0. What is the remainder when o is divided by 3?
1
Let q = -55 - -95. Calculate the remainder when 66 is divided by q.
26
Suppose -4*a = 3*j - 24, -4 + 14 = j + 2*a. Suppose -j*s - 5 = -185. Let w(c) = c**2 - 12*c + 56. What is the remainder when s is divided by w(8)?
21
Suppose v + 6 = 2*i - 4, -4*v + 8 = 4*i. Calculate the remainder when i/(-10) + 456/40 is divided by 4.
3
Let t(l) be the first derivative of l**4/4 + 2*l**3 + 3*l**2/2 + 2*l + 1. Let r = -59 - -54. What is the remainder when 45 is divided by t(r)?
9
Let k(h) = 6*h**2 - 4. Let f be k(3). Let n = f + -30. Calculate the remainder when 59 is divided by n.
19
Let b = -324 + 328. Calculate the remainder when 29 is divided by b.
1
Let p = 35 - 76. Let h = p - -45. Calculate the remainder when 17 is divided by h.
1
Suppose -3*u - 16 = -85. Let t = u + -20. What is the remainder when 5 is divided by t?
2
Suppose 4654 = 136*t - 123*t. Calculate the remainder when t is divided by 11.
6
What is the remainder when ((-36)/(-16))/(10/920) is divided by 26?
25
Suppose 5*p - 156 = 4*c, -3*c + 7*p - 128 = 6*p. Suppose 5*v + 393 - 83 = 0. Let b = c - v. What is the remainder when b is divided by 10?
8
Calculate the remainder when (-22)/(-66) - 172/(-6) is divided by 10.
9
Let f(a) = 7*a**2 + 2*a + 1. Let g(j) be the third derivative of 11*j**4/12 - 13*j**3/2 - 38*j**2. What is the remainder when g(4) is divided by f(-2)?
24
Let q be (-19 + 21)*(-55)/(-2). Suppose 0 = 5*w - 3*b + q - 281, -3*b + 197 = 4*w. What is the remainder when w is divided by 8?
7
Suppose 0 = -w + 3*d + 6, -3*w + 7*w - d = 13. Suppose -3*c = x - 21, 0*x = w*x - 3*c - 39. Calculate the remainder when 28 is divided by x.
13
What is the remainder when 308 is divided by (-2 - (-529)/46)*(-4)/(-2)?
4
Suppose 7*m - 336 = -189. Calculate the remainder when m is divided by 12.
9
Let b = -416 + 450. Calculate the remainder when b is divided by 14.
6
Suppose s = 2*f + 9, 12*f + 10 = 4*s + 17*f. What is the remainder when 57 is divided by s?
2
Let v(y) = y**3 + 5*y**2 - 2*y + 11. What is the remainder when v(-5) is divided by 16?
5
Suppose 19*f + 3*g = 24*f - 82, -32 = -2*f + 2*g. What is the remainder when 507 is divided by f?
14
Suppose -b + 147 = 6*b. Let q = 29 - b. What is the remainder when 45 is divided by q?
5
Suppose 0 = -2*r - 11*l + 109, 10 = -25*l + 23*l. Calculate the remainder when r is divided by 15.
7
Let p(o) = -122*o + 1. Let q be p(3). Let n = -252 - q. Calculate the remainder when n is divided by 23.
21
Let x(a) = 0 - 1 + 4 - 4*a + 0. Let b(v) = v**3 + 4*v**2 - 2*v + 2. What is the remainder when x(-6) is divided by b(-4)?
7
Let n(y) = -5*y + 2. Let d be n(2). Let x = 21 + d. Calculate the remainder when x is divided by 8.
5
Let w be -18*((-4)/2)/4. Let d = 13 - w. Suppose 2*l + 2*l = d*t + 160, 0 = 3*l + t - 124. Calculate the remainder when l is divided by 22.
19
Let b be -3*(-1 - -53)/(-1). Let k = -562 + 572. Calculate the remainder when 44 is divided by b/k - 21/35.
14
Let n(u) = u**3 + 6*u**2 + 3*u - 4. Let c(w) = w**2 + 18*w + 26. Let o be c(-16). Calculate the remainder when 3/(o/(-44)) - (-3)/3 is divided by n(-5).
5
Let s = -11 - -15. Let b be 72/16*(-8)/3. What is the remainder when s is divided by b*1/(-2) + -4?
0
Let k = 7 - -102. What is the remainder when 324 is divided by k?
106
Let v = -571 - -911. What is the remainder when v is divided by 31?
30
Suppose 0 = 6*q - 8*q. Suppose 0 = -3*d - q*d - 300. What is the remainder when -3 + d/(-2) + -1 is divided by 12?
10
Suppose -93 + 6 = -3*r. Calculate the remainder when 80 is divided by r.
22
Let f(p) = -p - 9. Let t be f(-13). Suppose 0 = -t*w - 5*x + 84, 5*w - 4*x - 105 = -0*x. What is the remainder when 60 is divided by w?
18
Suppose 3*c = -c - 24. Let j = c - -21. What is the remainder when j is divided by 8?
7
Suppose 0 = 3*i - 82 + 31. Suppose 146*v - 36*v - 880 = 0. Calculate the remainder when i is divided by v.
1
Suppose 6 = 3*a - 2*a. Suppose 0 = 4*i - a*i + 4. Calculate the remainder when 25 is divided by 18 - i - (0 - -3).
12
Let q(j) = j**3 + 6*j**2 - j - 8. Let r be q(-6). Calculate the remainder when 37 is divided by ((-13)/r)/((-16)/(-32)).
11
Let g(q) be the first derivative of -q**3/3 - 4*q**2 + 7*q - 25. What is the remainder when 81 is divided by g(-5)?
15
Let d(v) = 6*v - 10. Let u be d(5). Let j = u - 16. Suppose -j*i = 16, -3*i - 2 = 5*y - 80. Calculate the remainder when y is divided by 7.
4
Suppose 650 = 5*u - 12*r + 17*r, -4*u = 5*r - 522. What is the remainder when u is divided by 22?
18
Let n be -1 + (-7)/(-5) + (-429)/(-15). Suppose 25*q + 88 = n*q. What is the remainder when 37 is divided by q?
15
Suppose 0 = 303*c - 307*c + 12. What is the remainder when -1*(-235)/3 + (-1)/c is divided by 